{"id":16699,"date":"2025-11-07T09:28:27","date_gmt":"2025-11-07T07:28:27","guid":{"rendered":"http:\/\/www.brg14.at\/?page_id=16699"},"modified":"2025-11-07T09:29:16","modified_gmt":"2025-11-07T07:29:16","slug":"uue-franzoesisch","status":"publish","type":"page","link":"https:\/\/www.brg14.at\/?page_id=16699","title":{"rendered":"U\u00dc Franz\u00f6sisch"},"content":{"rendered":"\n<p>Die erste M\u00f6glichkeit, an unserer Schule mit Franz\u00f6sisch in Kontakt zu kommen, ist eine <strong>Unverbindliche \u00dcbung<\/strong>, der \u201e<strong>Cirque du fran\u00e7ais<\/strong>\u201c f\u00fcr die 1. und 2. Klassen. Spielerisch, kommunikativ und ohne Notendruck sollen erste Kenntnisse erlangt und die Freude am Fremdsprachenlernen geweckt werden. Dabei stehen Spa\u00df und Vergn\u00fcgen im Vordergrund.<\/p>\n","protected":false},"excerpt":{"rendered":"<p>Die erste M\u00f6glichkeit, an unserer Schule mit Franz\u00f6sisch in Kontakt zu kommen, ist eine Unverbindliche \u00dcbung, der \u201eCirque du fran\u00e7ais\u201c f\u00fcr die 1. und 2. Klassen. Spielerisch, kommunikativ und ohne Notendruck sollen erste Kenntnisse erlangt und die Freude am Fremdsprachenlernen &hellip; <a class=\"more-link\" href=\"https:\/\/www.brg14.at\/?page_id=16699\">WEITERLESEN &#8230;<\/a><\/p>\n","protected":false},"author":2,"featured_media":0,"parent":0,"menu_order":0,"comment_status":"closed","ping_status":"closed","template":"","meta":{"ngg_post_thumbnail":0,"footnotes":""},"class_list":["post-16699","page","type-page","status-publish","hentry"],"_links":{"self":[{"href":"https:\/\/www.brg14.at\/index.php?rest_route=\/wp\/v2\/pages\/16699","targetHints":{"allow":["GET"]}}],"collection":[{"href":"https:\/\/www.brg14.at\/index.php?rest_route=\/wp\/v2\/pages"}],"about":[{"href":"https:\/\/www.brg14.at\/index.php?rest_route=\/wp\/v2\/types\/page"}],"author":[{"embeddable":true,"href":"https:\/\/www.brg14.at\/index.php?rest_route=\/wp\/v2\/users\/2"}],"replies":[{"embeddable":true,"href":"https:\/\/www.brg14.at\/index.php?rest_route=%2Fwp%2Fv2%2Fcomments&post=16699"}],"version-history":[{"count":2,"href":"https:\/\/www.brg14.at\/index.php?rest_route=\/wp\/v2\/pages\/16699\/revisions"}],"predecessor-version":[{"id":16704,"href":"https:\/\/www.brg14.at\/index.php?rest_route=\/wp\/v2\/pages\/16699\/revisions\/16704"}],"wp:attachment":[{"href":"https:\/\/www.brg14.at\/index.php?rest_route=%2Fwp%2Fv2%2Fmedia&parent=16699"}],"curies":[{"name":"wp","href":"https:\/\/api.w.org\/{rel}","templated":true}]}}