{"id":5082,"date":"2013-08-01T22:35:36","date_gmt":"2013-08-01T20:35:36","guid":{"rendered":"http:\/\/www.datenjunkie.at\/?page_id=5082"},"modified":"2025-10-24T08:35:03","modified_gmt":"2025-10-24T06:35:03","slug":"6-7-klasse-physik-labor","status":"publish","type":"page","link":"https:\/\/www.brg14.at\/?page_id=5082","title":{"rendered":"Physik-Labor"},"content":{"rendered":"ngg_shortcode_0_placeholder\n<p>Experimente sind fester Bestandteil des Physikunterrichts. Im Physiklabor bieten wir unseren Sch\u00fclerinnen und Sch\u00fclern zus\u00e4tzliche M\u00f6glichkeiten, die typischen Arbeitsweisen in den Naturwissenschaften f\u00fcr sich zu entdecken. Neben dem Erlernen von speziellen Fertigkeiten (z.B. Umgang mit Messger\u00e4ten und PC-Programmen zur Datenanalyse) stehen das eigenst\u00e4ndige Formulieren von Forschungsfragen sowie das selbst\u00e4ndige Planen und Durchf\u00fchren von Experimenten im Vordergrund.<\/p>\n<h2>Einige Beispiele f\u00fcr solche Forschungsfragen sind<\/h2>\n<ul>\n<li type=\"disc\">Wie schnell flie\u00dft das Wasser aus dem Wasserhahn?<\/li>\n<li type=\"disc\">Schwimmt Obst oder geht es unter und warum?<\/li>\n<li type=\"disc\">Wie kann ich Temperaturph\u00e4nomene mit der Infrarot-Kamera analysieren?<\/li>\n<li type=\"disc\">Welche Bewegung f\u00fchrt ein selbstgebastelter Fallschirm aus?<\/li>\n<li type=\"disc\">Wie gro\u00df sind Molek\u00fcle?<\/li>\n<li type=\"disc\">Welchen Beschleunigungen bin ich im Alltag ausgesetzt (im Auto, in der Achterbahn, \u2026)?<\/li>\n<li type=\"disc\">Wie kann ich meinen selbstgebauten Elektromotor optimieren?<\/li>\n<li type=\"disc\">Schaukelt ein schwerer Mitsch\u00fcler schneller als ein leichter?<\/li>\n<\/ul>\n<p>Der Laborunterricht umfasst eine Doppelstunde alle 14 Tage (abwechselnd mit dem Biologie- bzw. Chemie-Labor).<br \/>\n&nbsp;<br \/>\n&nbsp;<\/p>\n<div align=\"center\"><a href=\"\/?page_id=4242\">Bitte hier klicken um zur \u00dcbersicht des Naturwissenschaftlichen Schwerpunktes zu kommen<\/a><\/div>\n<p>&nbsp;<\/p>\n<p>Susanne Neumann<\/p>\n","protected":false},"excerpt":{"rendered":"<p>Experimente sind fester Bestandteil des Physikunterrichts. Im Physiklabor bieten wir unseren Sch\u00fclerinnen und Sch\u00fclern zus\u00e4tzliche M\u00f6glichkeiten, die typischen Arbeitsweisen in den Naturwissenschaften f\u00fcr sich zu entdecken. Neben dem Erlernen von speziellen Fertigkeiten (z.B. Umgang mit Messger\u00e4ten und PC-Programmen zur Datenanalyse) &hellip; <a class=\"more-link\" href=\"https:\/\/www.brg14.at\/?page_id=5082\">WEITERLESEN &#8230;<\/a><\/p>\n","protected":false},"author":2,"featured_media":0,"parent":0,"menu_order":0,"comment_status":"closed","ping_status":"closed","template":"","meta":{"ngg_post_thumbnail":0,"footnotes":""},"class_list":["post-5082","page","type-page","status-publish","hentry"],"_links":{"self":[{"href":"https:\/\/www.brg14.at\/index.php?rest_route=\/wp\/v2\/pages\/5082","targetHints":{"allow":["GET"]}}],"collection":[{"href":"https:\/\/www.brg14.at\/index.php?rest_route=\/wp\/v2\/pages"}],"about":[{"href":"https:\/\/www.brg14.at\/index.php?rest_route=\/wp\/v2\/types\/page"}],"author":[{"embeddable":true,"href":"https:\/\/www.brg14.at\/index.php?rest_route=\/wp\/v2\/users\/2"}],"replies":[{"embeddable":true,"href":"https:\/\/www.brg14.at\/index.php?rest_route=%2Fwp%2Fv2%2Fcomments&post=5082"}],"version-history":[{"count":16,"href":"https:\/\/www.brg14.at\/index.php?rest_route=\/wp\/v2\/pages\/5082\/revisions"}],"predecessor-version":[{"id":16655,"href":"https:\/\/www.brg14.at\/index.php?rest_route=\/wp\/v2\/pages\/5082\/revisions\/16655"}],"wp:attachment":[{"href":"https:\/\/www.brg14.at\/index.php?rest_route=%2Fwp%2Fv2%2Fmedia&parent=5082"}],"curies":[{"name":"wp","href":"https:\/\/api.w.org\/{rel}","templated":true}]}}