{"id":8168,"date":"2015-09-01T23:41:41","date_gmt":"2015-09-01T21:41:41","guid":{"rendered":"http:\/\/www.brg14.at\/?page_id=8168"},"modified":"2025-10-10T20:35:29","modified_gmt":"2025-10-10T18:35:29","slug":"schriftliche-reifepruefung","status":"publish","type":"page","link":"https:\/\/www.brg14.at\/?page_id=8168","title":{"rendered":"Reifepr\u00fcfung und ABA"},"content":{"rendered":"<h2>INFOS ZUR REIFEPR\u00dcFUNG<\/h2>\n<ul>\n<li><a href=\"http:\/\/www.brg14.at\/wp-content\/uploads\/Fahrplan-Matura-2025-2026.pdf\" target=\"_blank\" rel=\"noopener noreferrer\">Fahrplan Reifepr\u00fcfung 2025-2026<\/a><\/li>\n<li><a href=\"http:\/\/www.brg14.at\/wp-content\/uploads\/Informationen_abschliessende_Arbeiten.pdf\" target=\"_blank\" rel=\"noopener noreferrer\">Informationen des Ministeriums zur Abschlie\u00dfenden Arbeit<\/a><\/li>\n<\/ul>\n<p>&nbsp;<\/p>\n<h2>VORWISSENSCHAFTLICHE ARBEIT<\/h2>\n<p><b>ABA Team<\/b><\/p>\n<ul>\n<li>Mag.<sup>a<\/sup> Janine Mittelmayer<\/li>\n<li>Mag. Christoph Wichtl<\/li>\n<\/ul>\n<ul>\n<li><a href=\"http:\/\/www.brg14.at\/wp-content\/uploads\/Fahrplan-zur-ABA-2025_26.pdf\" target=\"_blank\" rel=\"noopener noreferrer\">ABA Fahrplan 2025-2026<\/a><\/li>\n<li><a href=\"http:\/\/www.brg14.at\/wp-content\/uploads\/Betreuungslehrkraefte_Liste_2025_26.pdf\" target=\"_blank\" rel=\"noopener noreferrer\">VWA-Betreuungslehrkr\u00e4fte 2025-2026<\/a><\/li>\n<li>Alle weiteren Unterlagen sind im Moodle-Kurs &#8222;VWA BRG14&#8220; zu finden.<\/li>\n<\/ul>\n","protected":false},"excerpt":{"rendered":"<p>INFOS ZUR REIFEPR\u00dcFUNG Fahrplan Reifepr\u00fcfung 2025-2026 Informationen des Ministeriums zur Abschlie\u00dfenden Arbeit &nbsp; VORWISSENSCHAFTLICHE ARBEIT ABA Team Mag.a Janine Mittelmayer Mag. Christoph Wichtl ABA Fahrplan 2025-2026 VWA-Betreuungslehrkr\u00e4fte 2025-2026 Alle weiteren Unterlagen sind im Moodle-Kurs &#8222;VWA BRG14&#8220; zu finden. &hellip; <a class=\"more-link\" href=\"https:\/\/www.brg14.at\/?page_id=8168\">WEITERLESEN &#8230;<\/a><\/p>\n","protected":false},"author":2,"featured_media":0,"parent":0,"menu_order":0,"comment_status":"closed","ping_status":"closed","template":"","meta":{"ngg_post_thumbnail":0,"footnotes":""},"class_list":["post-8168","page","type-page","status-publish","hentry"],"_links":{"self":[{"href":"https:\/\/www.brg14.at\/index.php?rest_route=\/wp\/v2\/pages\/8168","targetHints":{"allow":["GET"]}}],"collection":[{"href":"https:\/\/www.brg14.at\/index.php?rest_route=\/wp\/v2\/pages"}],"about":[{"href":"https:\/\/www.brg14.at\/index.php?rest_route=\/wp\/v2\/types\/page"}],"author":[{"embeddable":true,"href":"https:\/\/www.brg14.at\/index.php?rest_route=\/wp\/v2\/users\/2"}],"replies":[{"embeddable":true,"href":"https:\/\/www.brg14.at\/index.php?rest_route=%2Fwp%2Fv2%2Fcomments&post=8168"}],"version-history":[{"count":47,"href":"https:\/\/www.brg14.at\/index.php?rest_route=\/wp\/v2\/pages\/8168\/revisions"}],"predecessor-version":[{"id":16602,"href":"https:\/\/www.brg14.at\/index.php?rest_route=\/wp\/v2\/pages\/8168\/revisions\/16602"}],"wp:attachment":[{"href":"https:\/\/www.brg14.at\/index.php?rest_route=%2Fwp%2Fv2%2Fmedia&parent=8168"}],"curies":[{"name":"wp","href":"https:\/\/api.w.org\/{rel}","templated":true}]}}